{"id":553,"date":"2019-12-02T13:46:48","date_gmt":"2019-12-02T10:46:48","guid":{"rendered":"http:\/\/vilkuva.lt\/cms\/?page_id=553"},"modified":"2020-01-31T14:50:43","modified_gmt":"2020-01-31T11:50:43","slug":"atnaujinamas-modernizuojamas-daugiabutis-gedimino-g-10-vilkaviskis","status":"publish","type":"page","link":"https:\/\/vilkuva.lt\/cms\/index.php\/renovacija-atnaujinimas\/85-2\/atnaujinamas-modernizuojamas-daugiabutis-gedimino-g-10-vilkaviskis\/","title":{"rendered":"Atnaujinamas (modernizuojamas) daugiabutis Gedimino g. 10, Vilkavi\u0161kis"},"content":{"rendered":"<p>&nbsp;<\/p>\n<p><span style=\"color: #3366ff;\"><a style=\"color: #3366ff;\" href=\"http:\/\/www.vilkuva.lt\/cms\/IP7\/IP_Gedimino_10_rengiamas.pdf\"><strong>Investicij\u0173 planas<\/strong><\/a><\/span><\/p>\n<p>2020 sausio 28 dien\u0105 baig\u0117si but\u0173 ir kit\u0173 patalp\u0173 savinink\u0173 balsavimas ra\u0161tu d\u0117l namo atnaujinimo (modernizavimo) Investicij\u0173 plano tvirtinimo ir namo atnaujinimo (modernizavimo) projekto rengimo ir \u012fgyvendinimo s\u0105lyg\u0173 bei lengvatin\u0117s paskolos sutarties su banku s\u0105lyg\u0173.<\/p>\n<p>Balsavimo rezultatai (Investicij\u0173 plano priemoni\u0173 paketas I):<\/p>\n<p>Balsavimo organizatoriui gr\u0105\u017einta balsavimo biuleteni\u0173: 10 ( 91 proc.);<\/p>\n<p>Sprendimui pritariu : 2 ( 18 proc.);<\/p>\n<p>Sprendimui nepritariu : 8 ( 73 proc.);<\/p>\n<p>Nuspr\u0119sta: <u>nepritarti<\/u> si\u016blomiems sprendimams.<\/p>\n<p>But\u0173 ir kit\u0173 patalp\u0173 savininkams nepritarus si\u016blomiems sprendimams, namas <u>negali<\/u> dalyvauti daugiabu\u010di\u0173 nam\u0173 atnaujinimo (modernizavimo) programoje.<\/p>\n","protected":false},"excerpt":{"rendered":"<p>&nbsp; Investicij\u0173 planas 2020 sausio 28 dien\u0105 baig\u0117si but\u0173 ir kit\u0173 patalp\u0173 savinink\u0173 balsavimas ra\u0161tu d\u0117l namo atnaujinimo (modernizavimo) Investicij\u0173 plano tvirtinimo ir namo atnaujinimo (modernizavimo) projekto rengimo ir \u012fgyvendinimo s\u0105lyg\u0173 bei lengvatin\u0117s paskolos sutarties su banku s\u0105lyg\u0173. Balsavimo rezultatai (Investicij\u0173 plano priemoni\u0173 paketas I): Balsavimo organizatoriui gr\u0105\u017einta balsavimo biuleteni\u0173: 10 ( 91 proc.); Sprendimui\u2026 <span class=\"read-more\"><a href=\"https:\/\/vilkuva.lt\/cms\/index.php\/renovacija-atnaujinimas\/85-2\/atnaujinamas-modernizuojamas-daugiabutis-gedimino-g-10-vilkaviskis\/\">Skaityti toliau &raquo;<\/a><\/span><\/p>\n","protected":false},"author":1,"featured_media":0,"parent":85,"menu_order":0,"comment_status":"closed","ping_status":"closed","template":"page-templates\/full-width.php","meta":[],"_links":{"self":[{"href":"https:\/\/vilkuva.lt\/cms\/index.php\/wp-json\/wp\/v2\/pages\/553"}],"collection":[{"href":"https:\/\/vilkuva.lt\/cms\/index.php\/wp-json\/wp\/v2\/pages"}],"about":[{"href":"https:\/\/vilkuva.lt\/cms\/index.php\/wp-json\/wp\/v2\/types\/page"}],"author":[{"embeddable":true,"href":"https:\/\/vilkuva.lt\/cms\/index.php\/wp-json\/wp\/v2\/users\/1"}],"replies":[{"embeddable":true,"href":"https:\/\/vilkuva.lt\/cms\/index.php\/wp-json\/wp\/v2\/comments?post=553"}],"version-history":[{"count":8,"href":"https:\/\/vilkuva.lt\/cms\/index.php\/wp-json\/wp\/v2\/pages\/553\/revisions"}],"predecessor-version":[{"id":666,"href":"https:\/\/vilkuva.lt\/cms\/index.php\/wp-json\/wp\/v2\/pages\/553\/revisions\/666"}],"up":[{"embeddable":true,"href":"https:\/\/vilkuva.lt\/cms\/index.php\/wp-json\/wp\/v2\/pages\/85"}],"wp:attachment":[{"href":"https:\/\/vilkuva.lt\/cms\/index.php\/wp-json\/wp\/v2\/media?parent=553"}],"curies":[{"name":"wp","href":"https:\/\/api.w.org\/{rel}","templated":true}]}}